ctor of 5960 and 120?
40
Calculate the highest common factor of 2 and 553.
1
What is the greatest common factor of 850 and 10?
10
Calculate the greatest common factor of 45 and 735.
15
What is the highest common divisor of 300 and 4695?
15
What is the highest common divisor of 363 and 22?
11
What is the greatest common divisor of 4 and 436?
4
What is the highest common divisor of 162 and 6?
6
What is the greatest common factor of 27 and 15606?
27
What is the greatest common divisor of 62 and 3968?
62
Calculate the greatest common factor of 7139 and 121.
121
Calculate the highest common factor of 825 and 33.
33
Calculate the greatest common factor of 26 and 13.
13
Calculate the highest common divisor of 1910 and 10.
10
What is the greatest common divisor of 4 and 8608?
4
What is the highest common divisor of 16 and 1744?
16
What is the highest common factor of 146 and 949?
73
Calculate the greatest common divisor of 3290 and 42.
14
What is the highest common factor of 291 and 3395?
97
Calculate the greatest common divisor of 15 and 87135.
15
What is the greatest common factor of 3496 and 2052?
76
Calculate the highest common divisor of 1210 and 77.
11
What is the greatest common factor of 520 and 832?
104
What is the greatest common factor of 4966 and 26?
26
Calculate the greatest common divisor of 90 and 162.
18
What is the highest common divisor of 69 and 1840?
23
Calculate the greatest common divisor of 198 and 176.
22
What is the highest common divisor of 625 and 50?
25
What is the highest common divisor of 26 and 182?
26
What is the greatest common factor of 6552 and 56?
56
Calculate the highest common factor of 1363 and 29.
29
What is the highest common divisor of 213 and 6?
3
Calculate the greatest common divisor of 204 and 168.
12
What is the highest common divisor of 36 and 6822?
18
What is the greatest common factor of 5 and 35?
5
What is the greatest common divisor of 598 and 182?
26
What is the highest common factor of 20 and 6310?
10
Calculate the greatest common divisor of 6 and 33.
3
Calculate the greatest common divisor of 3569 and 43.
43
Calculate the greatest common divisor of 32 and 20.
4
Calculate the highest common factor of 58 and 14848.
58
Calculate the greatest common divisor of 195 and 12.
3
What is the greatest common factor of 72 and 32?
8
Calculate the greatest common divisor of 81 and 648.
81
Calculate the greatest common divisor of 79 and 1264.
79
Calculate the greatest common factor of 14022 and 72.
18
What is the highest common factor of 59 and 118?
59
What is the highest common factor of 207 and 92?
23
Calculate the greatest common factor of 132 and 121.
11
What is the greatest common factor of 174 and 986?
58
Calculate the greatest common factor of 31089 and 129.
129
Calculate the highest common divisor of 9576 and 56.
56
What is the greatest common factor of 147 and 98?
49
Calculate the greatest common divisor of 3753 and 36.
9
Calculate the highest common factor of 9 and 99.
9
What is the highest common divisor of 406 and 580?
58
What is the highest common divisor of 420 and 4788?
84
Calculate the greatest common factor of 13 and 481.
13
What is the greatest common divisor of 13409 and 253?
253
What is the highest common factor of 1024 and 24?
8
What is the greatest common divisor of 365 and 1606?
73
What is the highest common divisor of 16 and 48?
16
What is the highest common factor of 2511 and 527?
31
What is the greatest common divisor of 14664 and 12?
12
What is the highest common divisor of 5899 and 17?
17
Calculate the greatest common factor of 1530 and 180.
90
Calculate the highest common factor of 57 and 18.
3
Calculate the greatest common factor of 15 and 10.
5
What is the highest common divisor of 1210 and 363?
121
Calculate the highest common divisor of 31146 and 174.
174
What is the highest common factor of 26 and 6?
2
What is the greatest common divisor of 114 and 152?
38
What is the greatest common factor of 468 and 396?
36
Calculate the highest common factor of 72 and 3924.
36
What is the greatest common factor of 80 and 40?
40
What is the greatest common factor of 1008 and 245?
7
Calculate the greatest common divisor of 21 and 4375.
7
What is the greatest common factor of 1711 and 944?
59
Calculate the greatest common factor of 86 and 215.
43
What is the greatest common factor of 5 and 160?
5
What is the highest common factor of 550 and 450?
50
What is the greatest common divisor of 136 and 8?
8
Calculate the greatest common divisor of 381 and 1651.
127
What is the highest common divisor of 54 and 1026?
54
Calculate the greatest common divisor of 9394 and 122.
122
Calculate the greatest common divisor of 2322 and 162.
54
What is the highest common factor of 2337 and 861?
123
Calculate the highest common divisor of 166 and 1411.
83
What is the highest common divisor of 3212 and 88?
44
What is the greatest common factor of 3679 and 13?
13
Calculate the greatest common factor of 4 and 186.
2
Calculate the highest common factor of 1460 and 920.
20
Calculate the highest common factor of 424 and 84.
4
What is the highest common factor of 6157 and 235?
47
What is the greatest common factor of 51 and 28407?
51
Calculate the greatest common factor of 7 and 497.
7
What is the highest common divisor of 600 and 4075?
25
Calculate the highest common factor of 17739 and 438.
219
What is the greatest common factor of 75 and 1425?
75
What is the highest common factor of 7305 and 15?
15
What is the greatest common factor of 45 and 189?
9
What is the highest common factor of 486 and 36?
18
What is the greatest common factor of 7974 and 45?
9
What is the greatest common factor of 238 and 357?
119
Calculate the greatest common factor of 136 and 289.
17
What is the highest common divisor of 48 and 12?
12
Calculate the greatest common divisor of 120 and 15.
15
What is the highest common divisor of 46 and 920?
46
Calculate the greatest common divisor of 39 and 143.
13
Calculate the greatest common divisor of 7 and 721.
7
Calculate the highest common factor of 3 and 16797.
3
Calculate the highest common factor of 72 and 297.
9
What is the highest common factor of 6 and 162?
6
What is the highest common factor of 1189 and 1?
1
Calculate the greatest common divisor of 414 and 115.
23
Calculate the greatest common divisor of 14 and 434.
14
Calculate the greatest common divisor of 18 and 5274.
18
Calculate the greatest common factor of 40 and 8.
8
Calculate the highest common factor of 94 and 1739.
47
Calculate the greatest common divisor of 8448 and 440.
88
What is the greatest common factor of 15 and 565?
5
Calculate the highest common divisor of 1428 and 399.
21
Calculate the greatest common factor of 1391 and 214.
107
Calculate the greatest common factor of 13 and 1248.
13
What is the greatest common divisor of 1587 and 138?
69
Calculate the highest common factor of 168 and 258.
6
What is the greatest common factor of 1568 and 96?
32
What is the greatest common divisor of 81 and 37503?
81
Calculate the greatest common divisor of 2268 and 168.
84
Calculate the highest common factor of 475 and 76.
19
What is the greatest common divisor of 32 and 864?
32
Calculate the highest common factor of 8 and 28.
4
Calculate the highest common factor of 20 and 32.
4
Calculate the greatest common divisor of 65 and 2405.
65
What is the highest common divisor of 37 and 3589?
37
Calculate the greatest common divisor of 24 and 4008.
24
What is the greatest common factor of 51 and 3111?
51
Calculate the highest common divisor of 217 and 403.
31
Calculate the greatest common factor of 45 and 189.
9
Calculate the highest common divisor of 52 and 351.
13
What is the highest common divisor of 89 and 23585?
89
What is the highest common factor of 84 and 108?
12
What is the highest common divisor of 8103 and 1095?
219
What is the highest common factor of 16744 and 552?
184
Calculate the highest common factor of 6 and 150.
6
Calculate the highest common divisor of 29 and 783.
29
What is the highest common factor of 32 and 184?
8
Calculate the highest common factor of 2448 and 972.
36
Calculate the greatest common divisor of 363 and 143.
11
Calculate the greatest common factor of 1824 and 192.
96
Calculate the highest common divisor of 47